ve f(k).
-7
Let c(g) be the second derivative of g**4/12 + 5*g**3/6 - 7*g**2/2 - 8*g. Calculate c(-6).
-1
Let v(x) = -x**2 - 4*x - 1. Let a(y) = -2*y**2 - 5*y - 1. Let u(i) = 2*a(i) - 3*v(i). Suppose -2*k - 1 = -9. Determine u(k).
-7
Let i = -68 + 74. Let b(c) = c - 1. Let h(a) = -4*a - 2. Let p(t) = -6*b(t) - h(t). Calculate p(i).
-4
Let m(o) = -o**3 + 11*o**2 - 14*o + 13. Let b be m(10). Let r be (-6)/b + 56/(-9). Let f(x) = x**2 + 6*x - 6. Give f(r).
-6
Let c(y) = 3*y - 4. Let z(b) = -b + 2. Let a(t) = -2*c(t) - 5*z(t). Let m(q) = 3*q. Let i be m(1). What is a(i)?
-5
Suppose 0 = 2*v + h - 9, 4*v + 6 = 5*h - 11. Let i(l) = -2*l**v + 14*l + 7*l**2 - 2*l**2 - 15*l. Give i(1).
2
Suppose -q + y + 1 = 0, q = 4*y - 6*y - 2. Let j(t) = -t - 1 + q + 7 - 1. Suppose -12 = -2*h - 2*h. Calculate j(h).
2
Suppose 0*n - 6 = -3*n. Suppose -5*s = -k - 17, -n*k + 3*k - s = -5. Let q(x) = 7*x + 1. What is q(k)?
-13
Suppose 5 = 4*t + o - 16, 5*o + 15 = 0. Let k(z) = 3*z**2 + t*z - 2*z**2 + 4 - 1. Calculate k(-6).
3
Let a(d) be the third derivative of 2*d**2 + 0 + 1/20*d**5 + 0*d + 1/6*d**4 - 1/6*d**3 - 1/120*d**6. Give a(4).
-1
Suppose 0 = -12*i - 5*i + 170. Let o(w) = w**3 - 11*w**2 + 11*w - 3. Give o(i).
7
Let w = 2 + -5. Let b(o) = o**2 + 4*o. Let x be b(w). Let k(a) be the second derivative of a**4/12 + a**3/2 - 2*a. Determine k(x).
0
Let n(w) be the third derivative of w**6/120 + w**5/10 - 3*w**4/8 - 5*w**3/6 + 10*w**2. Determine n(-7).
9
Let d(z) = z**3 - 7*z**2 + 8*z - 7. Let r be d(6). Let a(q) = -q**2 + 6*q - 5. Calculate a(r).
0
Let g(r) be the third derivative of r**5/20 - r**4/8 + 19*r**2. Determine g(2).
6
Let y(g) = -g**3 - 16*g**2 - g - 15. Let k be y(-16). Let a(i) be the first derivative of 1/2*i**2 - k + i. Calculate a(5).
6
Let i(w) = w**3 - 13*w**2 + 13*w - 17. Let o be i(12). Let r(j) = j**3 + 6*j**2 + 5*j - 5. Give r(o).
-5
Suppose -5*z + 3 + 12 = 0. Let p = 5 - z. Suppose i + 5 = p*i. Let u(a) = a**2 - 8*a + 5. Calculate u(i).
-10
Let v(w) be the first derivative of -2*w**4/3 + w**3/6 + w**2/2 + 3*w - 2. Let i(j) be the first derivative of v(j). Calculate i(-1).
-8
Suppose -3*x + 2*t - 6 = -15, x = 3*t + 3. Let y(v) = 0*v + 2*v + 6 - x*v. Determine y(4).
2
Let m be -10*(-1 - 8/(-5)). Let d(i) = i**3 + 5*i**2 - 6*i - 6. Calculate d(m).
-6
Let b(w) = w**2 + 10*w - 3*w + 5 - 2*w. Give b(-5).
5
Suppose x - 4 = -0. Let h = 10 - 7. Let p(f) = 0*f**3 + f**h + 5 - 2*f**2 - 3*f**2 + 3*f. Give p(x).
1
Let n(c) = c - 7. Let d(g) = 5*g**2 - 5*g + 5. Let p be d(2). Suppose 0 = -2*h - h + p. What is n(h)?
-2
Let o be 14/(4/(3 + -1)). Let m = -4 + o. Let r(k) = k**2 - 2*k**2 - 5*k + m - 8. Determine r(-5).
-5
Let p(g) = g + 16. Let v be p(-14). Let y(i) = i**2 - i**2 + i + i**v - 2*i. Determine y(1).
0
Let m(u) = -3*u. Let l(d) = d + 2. Let f be l(2). Let c = 0 - 0. Suppose c*k = -4*k - f. What is m(k)?
3
Let h(c) = c**2 + 5*c - 3. Let u be h(-6). Suppose u*w = -2*w - 20, -2*w = g + 8. Let j(f) = g*f - 2*f - 3*f**2 + 2 + 2*f**2 - 4. Calculate j(-2).
-2
Let p(j) = -59*j**2 - 55*j**2 + 6*j + 115*j**2. Suppose 2 = -c - 2*n, 5*c - 3*n + 36 = -0*c. Calculate p(c).
0
Let r(c) = 5*c + 8. Let v(o) = -2*o + 5*o + 4 + 0. Let t(j) = -2*r(j) + 5*v(j). Let w(k) = -k**2 - 14*k - 16. Let s be w(-13). What is t(s)?
-11
Suppose 20 = -n - 3*n. Let t(s) = -7*s**2 + 13*s**2 - 3*s - 2*s**2 + s**3. Calculate t(n).
-10
Let d(t) = 1 - 8 - 3*t + 0 + 1. Calculate d(-4).
6
Let l(k) be the second derivative of -1/12*k**4 + 2/3*k**3 + 0 - 3*k - 3/2*k**2. Determine l(2).
1
Let h(x) = -3*x**2 + 4*x - 2. Let w be -1 - 0 - (0 - 4). Suppose 2 = -w*u + 4*u. Determine h(u).
-6
Let z = -2 - -1. Let n(r) = -7*r + 1. Let a(d) = 7*d - 4. Let f(h) = 10*h - 6. Let x(s) = 8*a(s) - 5*f(s). Let c(j) = 3*n(j) + 2*x(j). What is c(z)?
8
Let c(y) = -y**2 - 3*y + 3. Suppose a = -18 + 14. Give c(a).
-1
Let l(z) = 3*z + 7. Let i(d) = -2*d - 3. Let b(a) = 5*i(a) + 2*l(a). Let m be (-1)/(2/8*-2). Calculate b(m).
-9
Suppose -2*y - 4 + 29 = 3*z, y - z = 0. Let a(i) = -i + 13 - 34 + 11 + 11 + 0*i. Give a(y).
-4
Let l = -11 - -15. Let g(u) be the third derivative of u**6/120 - u**5/15 + u**4/6 - 5*u**3/6 + 2*u**2. Determine g(l).
11
Suppose 8*q - 4*q = 32. Suppose -q = 3*a - 32. Let l = 11 - a. Let b(d) = d**3 - 5*d**2 + 3*d + 2. Calculate b(l).
-7
Let b(t) = -3*t - 6*t**2 - 25*t**3 + 26*t**3 - 3*t. Give b(7).
7
Let u(z) = 6*z - 3. Let h(l) = 7*l - 4. Let a(b) = -4*h(b) + 5*u(b). What is a(1)?
3
Let m(i) = -i**2 + 2. Let w be 1/(-2)*(-1 + 1). Suppose -5*j + 4 = -3*z, 4*j - j - 3*z = w. Give m(j).
-2
Suppose 0*v = -v + 5. Suppose v*w = w + 172. Suppose -w = 5*x - 18. Let i(d) = d**2 + 5*d - 1. Give i(x).
-1
Let b(m) be the second derivative of m**6/360 + m**5/120 + m**4/24 + m**3/2 + 7*m. Let x(i) be the second derivative of b(i). What is x(0)?
1
Suppose -4*m + 2*m + 12 = 0. Suppose -3*k + 4 = -5*j, -j - k = 2*j - m. Let c(y) = 5*y**3 + 2*y**2 - 2*y + 1. Determine c(j).
6
Let f(y) = 5*y**3 - 10*y**2 + 6*y + 4. Let p(n) = 4*n**3 - 9*n**2 + 5*n + 3. Let u(b) = 5*f(b) - 6*p(b). Calculate u(-2).
10
Let p be (-3 - 0)*2/3. Let i(w) = -w**3 + w. What is i(p)?
6
Let w(h) = h**3 + 5*h**2 - 3*h. Let b(q) = 6*q + 42. Let i be b(-8). What is w(i)?
-18
Let j = 111 - 111. Let d(f) = 15 - 3*f + 0*f + 2*f. Give d(j).
15
Let f(o) = -12 - 388*o + 390*o + 1. Give f(9).
7
Let u be 4/(16/(-12)) + -3. Let m(l) = -3*l - 4*l + 7 + 2*l + l**3 + l**2 + 4*l**2. What is m(u)?
1
Let c(v) be the second derivative of 0 + 3*v - 1/2*v**2 - 1/12*v**4 - 2/3*v**3. Let d be c(-5). Let j(z) = -z**3 - 7*z**2 - 8*z - 9. Give j(d).
3
Let q(n) = -9*n + 2*n + 2*n - n - 1. Let t(v) = 2*v**2 - 5*v + 8. Let z(i) = 3*i**2 - 5*i + 9. Let y(h) = 4*t(h) - 3*z(h). Let d be y(-6). What is q(d)?
5
Let h(k) be the second derivative of k**5/20 + 3*k**4/4 + k**3 - k**2/2 - 2*k + 41. What is h(-8)?
15
Let t be 1 + (0 - 2)*-1. Let f(n) = -4*n**3 - 1 + n**2 + t*n + n**3 - 2*n. Suppose r - 2 = -1. Calculate f(r).
-2
Let v(u) = -u**2 - 8*u - 7. Suppose 4 = -5*r - 21. What is v(r)?
8
Let d(s) = -s + 4. Let g be d(3). Let j(u) = -g - 4*u**2 - 1 + 3*u**2 + 0. Calculate j(-2).
-6
Suppose 4*o = -z - 5, 1 + 1 = -o - z. Let c(y) = 2*y**2 - y. Let q be c(o). Let x(i) = 3*i - 2*i - 1 - 3*i + 2. Give x(q).
-5
Let u(g) = -g**3 + 2*g**2 - 13*g + 3. Let v(s) = s**2 - 2*s + 1. Let f(t) = -u(t) + 5*v(t). Let i = -7 - -4. What is f(i)?
-7
Let h(i) be the third derivative of i**4/24 - i**3/2 - 7*i**2. Calculate h(0).
-3
Let l be (-3)/21*25 - (-36)/(-84). Let x(g) = 1 + 4*g + 0 + 2*g**2 - 3. What is x(l)?
14
Let n(l) = l - 6 + 0 + 2 + 3. What is n(3)?
2
Let b be (56/(-70))/(2/(-5)). Let z(r) be the second derivative of 0 - 2*r**b - 3*r + 1/6*r**3. What is z(5)?
1
Suppose -14 = -2*t + 4*t. Let v(x) = x - 3. Calculate v(t).
-10
Let s(n) = 2 + 2 - n - 4 - 1. Determine s(-4).
3
Let n(u) = u**3 + 5*u**2 - 6*u + 3. Let j be (2/(-2))/((-1)/(-6)). Give n(j).
3
Let o(d) = d**2 - 5*d + 2. Let v be o(4). Let x(j) be the second derivative of 0 + j - 1/6*j**3 + j**2. Give x(v).
4
Let f(t) be the third derivative of -t**6/120 - t**5/20 + t**4/12 + 4*t**2. Calculate f(-3).
-6
Let w(t) = -t**3 - 7*t**2 - 3*t - 3. Let n be w(-7). Suppose -4*o = -0*x + x, -3*x = 3*o - n. Suppose x = 8*y - 4*y. Let f(j) = j - 3. Calculate f(y).
-1
Let o(u) be the third derivative of u**4/24 - u**3/2 + 2*u**2. Let b be 4*1/4*0. Let d be o(b). Let y(p) = -p**3 - 2*p**2 + 2*p + 2. What is y(d)?
5
Let k(m) = 13*m + 17. Suppose 5*j - 3*s - 25 = 0, -j + 4*s + 12 = -10. Let y(f) = 3*f + 4. Let v(u) = j*k(u) - 9*y(u). What is v(-4)?
2
Suppose 2*g + 2*a + 6 = -0*a, 5 = 3*g - 4*a. Let w(z) = -z**2 - z + 1. Let r(t) = -13*t**2 - 5*t + 7. Let i(b) = g*r(b) + 6*w(b). Give i(-1).
7
Let j(q) = -q**3 - 3*q**2 + 2*q - 3. Let x be (-1)/(-4) + (-17)/4. Calculate j(x).
5
Let i(s) = 2*s - 12*s + 2*s**2 + 3 - s**2 + 3. Give i(5).
-19
Let r(h) = 3*h + 3 + 5*h**3 - 3 - 4*h**3 - 5 - 4*h**2. What is r(4)?
7
Suppose 4*b - 7 = -h + b, -3*h - 5*b + 5 = 0. Let q(z) be the third derivative of z**5/60 + 5*z**4/24 + 6*z**2. Determine q(h).
0
Let b(t) = t**3 - 5*t**2 + t + 4. Let s(m) = m**3 - 4*m**2 - 6*m + 7. Let z be s(5). Suppose -z*n + 15 = 3*n. Suppose 0 = n*w - 6*w + 12. Give b(w).
-8
Let s(z) = -z + 5. Let l(j) be the first derivative of j**3 -